{"id":4044,"date":"2025-02-12T09:31:57","date_gmt":"2025-02-12T07:31:57","guid":{"rendered":"https:\/\/www.dami.fi\/web\/?page_id=4044"},"modified":"2026-02-17T11:34:16","modified_gmt":"2026-02-17T09:34:16","slug":"media","status":"publish","type":"page","link":"https:\/\/www.dami.fi\/web\/media\/","title":{"rendered":"Media"},"content":{"rendered":"\t\t<div data-elementor-type=\"wp-page\" data-elementor-id=\"4044\" class=\"elementor elementor-4044\" data-elementor-post-type=\"page\">\n\t\t\t\t\t\t<section class=\"elementor-section elementor-top-section elementor-element elementor-element-4bf6a0b0 elementor-section-boxed elementor-section-height-default elementor-section-height-default\" data-id=\"4bf6a0b0\" data-element_type=\"section\">\n\t\t\t\t\t\t<div class=\"elementor-container elementor-column-gap-default\">\n\t\t\t\t\t<div class=\"elementor-column elementor-col-100 elementor-top-column elementor-element elementor-element-74078ab6\" data-id=\"74078ab6\" data-element_type=\"column\">\n\t\t\t<div class=\"elementor-widget-wrap elementor-element-populated\">\n\t\t\t\t\t\t<div class=\"elementor-element elementor-element-0549bdb elementor-invisible elementor-widget elementor-widget-heading\" data-id=\"0549bdb\" data-element_type=\"widget\" data-settings=\"{&quot;_animation&quot;:&quot;pulse&quot;}\" data-widget_type=\"heading.default\">\n\t\t\t\t<div class=\"elementor-widget-container\">\n\t\t\t\t\t<h1 class=\"elementor-heading-title elementor-size-default\">Media<\/h1>\t\t\t\t<\/div>\n\t\t\t\t<\/div>\n\t\t\t\t<div class=\"elementor-element elementor-element-3a3ad70 elementor-invisible elementor-widget elementor-widget-heading\" data-id=\"3a3ad70\" data-element_type=\"widget\" data-settings=\"{&quot;_animation&quot;:&quot;pulse&quot;}\" data-widget_type=\"heading.default\">\n\t\t\t\t<div class=\"elementor-widget-container\">\n\t\t\t\t\t<h1 class=\"elementor-heading-title elementor-size-default\">Logot<\/h1>\t\t\t\t<\/div>\n\t\t\t\t<\/div>\n\t\t\t\t<section class=\"elementor-section elementor-inner-section elementor-element elementor-element-b95223b elementor-section-boxed elementor-section-height-default elementor-section-height-default\" data-id=\"b95223b\" data-element_type=\"section\">\n\t\t\t\t\t\t<div class=\"elementor-container elementor-column-gap-default\">\n\t\t\t\t\t<div class=\"elementor-column elementor-col-33 elementor-inner-column elementor-element elementor-element-419bafa\" data-id=\"419bafa\" data-element_type=\"column\">\n\t\t\t<div class=\"elementor-widget-wrap elementor-element-populated\">\n\t\t\t\t\t\t<div class=\"elementor-element elementor-element-6da4dca elementor-widget elementor-widget-image\" data-id=\"6da4dca\" data-element_type=\"widget\" data-widget_type=\"image.default\">\n\t\t\t\t<div class=\"elementor-widget-container\">\n\t\t\t\t\t\t\t\t\t\t\t\t\t\t\t<img decoding=\"async\" width=\"200\" height=\"83\" src=\"https:\/\/www.dami.fi\/web\/wp-content\/uploads\/2025\/02\/DAMI_LOGO_.png\" class=\"attachment-full size-full wp-image-4047\" alt=\"\" \/>\t\t\t\t\t\t\t\t\t\t\t\t\t\t\t<\/div>\n\t\t\t\t<\/div>\n\t\t\t\t\t<\/div>\n\t\t<\/div>\n\t\t\t\t<div class=\"elementor-column elementor-col-33 elementor-inner-column elementor-element elementor-element-c38c626\" data-id=\"c38c626\" data-element_type=\"column\">\n\t\t\t<div class=\"elementor-widget-wrap elementor-element-populated\">\n\t\t\t\t\t\t<div class=\"elementor-element elementor-element-af97f7e elementor-widget elementor-widget-image\" data-id=\"af97f7e\" data-element_type=\"widget\" data-widget_type=\"image.default\">\n\t\t\t\t<div class=\"elementor-widget-container\">\n\t\t\t\t\t\t\t\t\t\t\t\t\t\t\t<img decoding=\"async\" width=\"200\" height=\"71\" src=\"https:\/\/www.dami.fi\/web\/wp-content\/uploads\/2025\/02\/Dami-logo-1_.png\" class=\"attachment-full size-full wp-image-4048\" alt=\"\" \/>\t\t\t\t\t\t\t\t\t\t\t\t\t\t\t<\/div>\n\t\t\t\t<\/div>\n\t\t\t\t\t<\/div>\n\t\t<\/div>\n\t\t\t\t<div class=\"elementor-column elementor-col-33 elementor-inner-column elementor-element elementor-element-8a8d067\" data-id=\"8a8d067\" data-element_type=\"column\">\n\t\t\t<div class=\"elementor-widget-wrap elementor-element-populated\">\n\t\t\t\t\t\t<div class=\"elementor-element elementor-element-7b57c94 elementor-widget elementor-widget-image\" data-id=\"7b57c94\" data-element_type=\"widget\" data-widget_type=\"image.default\">\n\t\t\t\t<div class=\"elementor-widget-container\">\n\t\t\t\t\t\t\t\t\t\t\t\t\t\t\t<img decoding=\"async\" width=\"247\" height=\"106\" src=\"https:\/\/www.dami.fi\/web\/wp-content\/uploads\/2025\/02\/DAMI_2025-3_.png\" class=\"attachment-full size-full wp-image-4053\" alt=\"\" \/>\t\t\t\t\t\t\t\t\t\t\t\t\t\t\t<\/div>\n\t\t\t\t<\/div>\n\t\t\t\t\t<\/div>\n\t\t<\/div>\n\t\t\t\t\t<\/div>\n\t\t<\/section>\n\t\t\t\t<section class=\"elementor-section elementor-inner-section elementor-element elementor-element-5c6586f elementor-section-boxed elementor-section-height-default elementor-section-height-default\" data-id=\"5c6586f\" data-element_type=\"section\">\n\t\t\t\t\t\t<div class=\"elementor-container elementor-column-gap-default\">\n\t\t\t\t\t<div class=\"elementor-column elementor-col-33 elementor-inner-column elementor-element elementor-element-815db29\" data-id=\"815db29\" data-element_type=\"column\">\n\t\t\t<div class=\"elementor-widget-wrap elementor-element-populated\">\n\t\t\t\t\t\t<div class=\"elementor-element elementor-element-95a2f2a elementor-invisible elementor-widget elementor-widget-heading\" data-id=\"95a2f2a\" data-element_type=\"widget\" data-settings=\"{&quot;_animation&quot;:&quot;pulse&quot;}\" data-widget_type=\"heading.default\">\n\t\t\t\t<div class=\"elementor-widget-container\">\n\t\t\t\t\t<h1 class=\"elementor-heading-title elementor-size-default\"><a href=\"https:\/\/www.dami.fi\/web\/wp-content\/uploads\/2025\/02\/DAMI_LOGO.png\" target=\"_blank\">Lataa logo .png<br>\n<small style=\"font-size:12px\">Klikkaa hiiren oikealla painikkeella t\u00e4st\u00e4 ja valitse Tallenna kohde nimell\u00e4...<\/small><\/a><\/h1>\t\t\t\t<\/div>\n\t\t\t\t<\/div>\n\t\t\t\t\t<\/div>\n\t\t<\/div>\n\t\t\t\t<div class=\"elementor-column elementor-col-33 elementor-inner-column elementor-element elementor-element-62c2ded\" data-id=\"62c2ded\" data-element_type=\"column\">\n\t\t\t<div class=\"elementor-widget-wrap elementor-element-populated\">\n\t\t\t\t\t\t<div class=\"elementor-element elementor-element-8252897 elementor-invisible elementor-widget elementor-widget-heading\" data-id=\"8252897\" data-element_type=\"widget\" data-settings=\"{&quot;_animation&quot;:&quot;pulse&quot;}\" data-widget_type=\"heading.default\">\n\t\t\t\t<div class=\"elementor-widget-container\">\n\t\t\t\t\t<h1 class=\"elementor-heading-title elementor-size-default\"><a href=\"https:\/\/www.dami.fi\/web\/wp-content\/uploads\/2025\/02\/Dami-logo-1.png\" target=\"_blank\">Lataa logo .png<br>\n<small style=\"font-size:12px\">Klikkaa hiiren oikealla painikkeella t\u00e4st\u00e4 ja valitse Tallenna kohde nimell\u00e4...<\/small><\/a><\/h1>\t\t\t\t<\/div>\n\t\t\t\t<\/div>\n\t\t\t\t\t<\/div>\n\t\t<\/div>\n\t\t\t\t<div class=\"elementor-column elementor-col-33 elementor-inner-column elementor-element elementor-element-dfaeb74\" data-id=\"dfaeb74\" data-element_type=\"column\">\n\t\t\t<div class=\"elementor-widget-wrap elementor-element-populated\">\n\t\t\t\t\t\t<div class=\"elementor-element elementor-element-e50d83a elementor-invisible elementor-widget elementor-widget-heading\" data-id=\"e50d83a\" data-element_type=\"widget\" data-settings=\"{&quot;_animation&quot;:&quot;pulse&quot;}\" data-widget_type=\"heading.default\">\n\t\t\t\t<div class=\"elementor-widget-container\">\n\t\t\t\t\t<h1 class=\"elementor-heading-title elementor-size-default\"><a href=\"https:\/\/www.dami.fi\/web\/wp-content\/uploads\/2025\/02\/DAMI_2025.pdf\" target=\"_blank\">Lataa logo .pdf<br>\n<small style=\"font-size:12px\">Klikkaa hiiren oikealla painikkeella t\u00e4st\u00e4 ja valitse Tallenna kohde nimell\u00e4...<\/small><\/a><\/h1>\t\t\t\t<\/div>\n\t\t\t\t<\/div>\n\t\t\t\t\t<\/div>\n\t\t<\/div>\n\t\t\t\t\t<\/div>\n\t\t<\/section>\n\t\t\t\t<section class=\"elementor-section elementor-inner-section elementor-element elementor-element-4895a81 elementor-section-boxed elementor-section-height-default elementor-section-height-default\" data-id=\"4895a81\" data-element_type=\"section\">\n\t\t\t\t\t\t<div class=\"elementor-container elementor-column-gap-default\">\n\t\t\t\t\t<div class=\"elementor-column elementor-col-100 elementor-inner-column elementor-element elementor-element-f4ca13c\" data-id=\"f4ca13c\" data-element_type=\"column\">\n\t\t\t<div class=\"elementor-widget-wrap elementor-element-populated\">\n\t\t\t\t\t\t<div class=\"elementor-element elementor-element-cd1c15e elementor-widget-divider--view-line elementor-widget elementor-widget-divider\" data-id=\"cd1c15e\" data-element_type=\"widget\" data-widget_type=\"divider.default\">\n\t\t\t\t<div class=\"elementor-widget-container\">\n\t\t\t\t\t\t\t<div class=\"elementor-divider\">\n\t\t\t<span class=\"elementor-divider-separator\">\n\t\t\t\t\t\t<\/span>\n\t\t<\/div>\n\t\t\t\t\t\t<\/div>\n\t\t\t\t<\/div>\n\t\t\t\t\t<\/div>\n\t\t<\/div>\n\t\t\t\t\t<\/div>\n\t\t<\/section>\n\t\t\t\t<section class=\"elementor-section elementor-inner-section elementor-element elementor-element-bf98634 elementor-section-boxed elementor-section-height-default elementor-section-height-default\" data-id=\"bf98634\" data-element_type=\"section\">\n\t\t\t\t\t\t<div class=\"elementor-container elementor-column-gap-default\">\n\t\t\t\t\t<div class=\"elementor-column elementor-col-33 elementor-inner-column elementor-element elementor-element-77af5e6\" data-id=\"77af5e6\" data-element_type=\"column\">\n\t\t\t<div class=\"elementor-widget-wrap elementor-element-populated\">\n\t\t\t\t\t\t<div class=\"elementor-element elementor-element-0e57802 elementor-widget elementor-widget-image\" data-id=\"0e57802\" data-element_type=\"widget\" data-widget_type=\"image.default\">\n\t\t\t\t<div class=\"elementor-widget-container\">\n\t\t\t\t\t\t\t\t\t\t\t\t\t\t\t<img loading=\"lazy\" decoding=\"async\" width=\"200\" height=\"197\" src=\"https:\/\/www.dami.fi\/web\/wp-content\/uploads\/2025\/02\/DAMI_2025_.png\" class=\"attachment-full size-full wp-image-4049\" alt=\"\" \/>\t\t\t\t\t\t\t\t\t\t\t\t\t\t\t<\/div>\n\t\t\t\t<\/div>\n\t\t\t\t<div class=\"elementor-element elementor-element-7632376 elementor-invisible elementor-widget elementor-widget-heading\" data-id=\"7632376\" data-element_type=\"widget\" data-settings=\"{&quot;_animation&quot;:&quot;pulse&quot;}\" data-widget_type=\"heading.default\">\n\t\t\t\t<div class=\"elementor-widget-container\">\n\t\t\t\t\t<h1 class=\"elementor-heading-title elementor-size-default\"><a href=\"https:\/\/www.dami.fi\/web\/wp-content\/uploads\/2025\/02\/DAMI_2025.png\" target=\"_blank\">Lataa logo .png<br>\n<small style=\"font-size:12px\">Klikkaa hiiren oikealla painikkeella t\u00e4st\u00e4 ja valitse Tallenna kohde nimell\u00e4...<\/small><\/a><\/h1>\t\t\t\t<\/div>\n\t\t\t\t<\/div>\n\t\t\t\t\t<\/div>\n\t\t<\/div>\n\t\t\t\t<div class=\"elementor-column elementor-col-33 elementor-inner-column elementor-element elementor-element-d112f82\" data-id=\"d112f82\" data-element_type=\"column\">\n\t\t\t<div class=\"elementor-widget-wrap elementor-element-populated\">\n\t\t\t\t\t\t<div class=\"elementor-element elementor-element-76dc0db elementor-invisible elementor-widget elementor-widget-heading\" data-id=\"76dc0db\" data-element_type=\"widget\" data-settings=\"{&quot;_animation&quot;:&quot;pulse&quot;}\" data-widget_type=\"heading.default\">\n\t\t\t\t<div class=\"elementor-widget-container\">\n\t\t\t\t\t<h1 class=\"elementor-heading-title elementor-size-default\"><a href=\"https:\/\/www.dami.fi\/web\/wp-content\/uploads\/2025\/02\/DAMI_logot.zip\">Lataa kaikki logot zip-pakettina<br>\n<small style=\"font-size:12px\">Klikkaa hiiren oikealla painikkeella t\u00e4st\u00e4 ja valitse Tallenna kohde nimell\u00e4...<\/small><\/a><\/h1>\t\t\t\t<\/div>\n\t\t\t\t<\/div>\n\t\t\t\t\t<\/div>\n\t\t<\/div>\n\t\t\t\t<div class=\"elementor-column elementor-col-33 elementor-inner-column elementor-element elementor-element-25ef33c\" data-id=\"25ef33c\" data-element_type=\"column\">\n\t\t\t<div class=\"elementor-widget-wrap\">\n\t\t\t\t\t\t\t<\/div>\n\t\t<\/div>\n\t\t\t\t\t<\/div>\n\t\t<\/section>\n\t\t\t\t\t<\/div>\n\t\t<\/div>\n\t\t\t\t\t<\/div>\n\t\t<\/section>\n\t\t\t\t<\/div>\n\t\t","protected":false},"excerpt":{"rendered":"<p>Media Logot Lataa logo .png Klikkaa hiiren oikealla painikkeella t\u00e4st\u00e4 ja valitse Tallenna kohde nimell\u00e4&#8230; Lataa logo .png Klikkaa hiiren oikealla painikkeella t\u00e4st\u00e4 ja valitse Tallenna kohde nimell\u00e4&#8230; Lataa logo .pdf Klikkaa hiiren oikealla painikkeella t\u00e4st\u00e4 ja valitse Tallenna kohde nimell\u00e4&#8230; Lataa logo .png Klikkaa hiiren oikealla painikkeella t\u00e4st\u00e4 ja valitse Tallenna kohde nimell\u00e4&#8230; Lataa &hellip;<\/p>\n<p class=\"read-more\"> <a class=\"\" href=\"https:\/\/www.dami.fi\/web\/media\/\"> <span class=\"screen-reader-text\">Media<\/span> Lue lis\u00e4\u00e4 &raquo;<\/a><\/p>\n","protected":false},"author":1,"featured_media":0,"parent":0,"menu_order":0,"comment_status":"closed","ping_status":"closed","template":"","meta":{"footnotes":""},"class_list":["post-4044","page","type-page","status-publish","hentry"],"_links":{"self":[{"href":"https:\/\/www.dami.fi\/web\/wp-json\/wp\/v2\/pages\/4044","targetHints":{"allow":["GET"]}}],"collection":[{"href":"https:\/\/www.dami.fi\/web\/wp-json\/wp\/v2\/pages"}],"about":[{"href":"https:\/\/www.dami.fi\/web\/wp-json\/wp\/v2\/types\/page"}],"author":[{"embeddable":true,"href":"https:\/\/www.dami.fi\/web\/wp-json\/wp\/v2\/users\/1"}],"replies":[{"embeddable":true,"href":"https:\/\/www.dami.fi\/web\/wp-json\/wp\/v2\/comments?post=4044"}],"version-history":[{"count":22,"href":"https:\/\/www.dami.fi\/web\/wp-json\/wp\/v2\/pages\/4044\/revisions"}],"predecessor-version":[{"id":4077,"href":"https:\/\/www.dami.fi\/web\/wp-json\/wp\/v2\/pages\/4044\/revisions\/4077"}],"wp:attachment":[{"href":"https:\/\/www.dami.fi\/web\/wp-json\/wp\/v2\/media?parent=4044"}],"curies":[{"name":"wp","href":"https:\/\/api.w.org\/{rel}","templated":true}]}}